{"id":305,"date":"2022-01-06T13:44:34","date_gmt":"2022-01-06T13:44:34","guid":{"rendered":"https:\/\/sedan.de\/?page_id=305"},"modified":"2022-01-06T13:44:45","modified_gmt":"2022-01-06T13:44:45","slug":"about","status":"publish","type":"page","link":"https:\/\/sedan.de\/?page_id=305","title":{"rendered":"About"},"content":{"rendered":"\n  \n    <section class=\"u-align-center u-clearfix u-section-1\" id=\"carousel_079a\">\n      <h2 class=\"u-text u-text-custom-color-2 u-text-1\">\u00dcber Uns <\/h2>\n      <div class=\"u-custom-color-2 u-expanded-width u-shape u-shape-rectangle u-shape-1\"><\/div>\n      <div class=\"u-list u-list-1\">\n        <div class=\"u-repeater u-repeater-1\">\n          <div class=\"u-align-center u-container-style u-grey-5 u-list-item u-repeater-item u-list-item-1\">\n            <div class=\"u-container-layout u-similar-container u-container-layout-1\">\n              <div alt=\"\" class=\"u-image u-image-circle u-image-1\" data-image-width=\"1200\" data-image-height=\"1600\" style=\"background-image: url(&quot;https:\/\/sedan.de\/wp-content\/uploads\/2022\/01\/Profil-Akt-2.jpg&quot;);\"><\/div>\n              <h5 class=\"u-text u-text-default u-text-2\">Daniel Wendlandt<br>\n              <\/h5>\n              <h6 class=\"u-custom-font u-text u-text-default u-text-font u-text-3\">Gr\u00fcnder &amp; Inhaber<br>\n              <\/h6>\n            <\/div>\n          <\/div>\n        <\/div>\n      <\/div>\n      <div class=\"u-list u-list-2\">\n        <div class=\"u-repeater u-repeater-2\">\n          <div class=\"u-align-center u-container-style u-grey-5 u-list-item u-repeater-item u-list-item-2\">\n            <div class=\"u-container-layout u-similar-container u-valign-top u-container-layout-2\">\n              <p class=\"u-align-left u-small-text u-text u-text-default u-text-variant u-text-4\">\n                <span style=\"font-weight: 700;\"> Seit der Gr\u00fcndung 1995 von sedan.networking Wendlandt k\u00fcmmern wir uns um die&nbsp;<br>IT-Systembetreuung von Firmen, Selbst\u00e4ndigen und Privatleuten.<br>Unser Hauptaugenmerk lag und liegt immer bei Apple\u00ae Ger\u00e4ten, aber auch Windows\u00ae oder Linux\/Unix basierte Systeme sind f\u00fcr uns kein Problem.&nbsp;<br>Wir haben gro\u00dfe Erfahrungen im Bereich Netzwerken, Security, Backup, Hard- und Software und k\u00f6nnen Ihnen herstellerunabh\u00e4ngig immer die besten L\u00f6sungen bieten. Auch bei Projekten, Planungen und interner\/externer Unterst\u00fctzung, ob Neu oder Bestand, k\u00f6nnen wir auf unsere vielf\u00e4ltige Kompetenz zur\u00fcckgreifen. Egal ob Elektriker, Telekom, Klimabauer oder andere Gewerke, wir sprechen deren Sprache.&nbsp;<br>Mit der langj\u00e4hrigen Erfahrung bei BaFin regulierten Unternehmen sind auch komplexe IT-Dokumentationen kein Problem, ebenso wie Loyalit\u00e4t und absolute Verschwiegenheit.\n                <\/span>\n                <br>\n              <\/p>\n            <\/div>\n          <\/div>\n        <\/div>\n      <\/div>\n    <\/section>\n    \n    \n    \n  \n","protected":false},"excerpt":{"rendered":"<p>\u00dcber Uns Daniel Wendlandt Gr\u00fcnder &amp; Inhaber Seit der Gr\u00fcndung 1995 von sedan.networking Wendlandt k\u00fcmmern wir uns um die&nbsp;IT-Systembetreuung von Firmen, Selbst\u00e4ndigen und Privatleuten.Unser Hauptaugenmerk lag und liegt immer bei Apple\u00ae Ger\u00e4ten, aber auch Windows\u00ae oder Linux\/Unix basierte Systeme sind f\u00fcr uns kein Problem.&nbsp;Wir haben gro\u00dfe Erfahrungen im Bereich Netzwerken, Security, Backup, Hard- und Software &hellip; <a href=\"https:\/\/sedan.de\/?page_id=305\" class=\"more-link\">Continue reading<span class=\"screen-reader-text\"> &#8222;About&#8220;<\/span><\/a><\/p>\n","protected":false},"author":1,"featured_media":0,"parent":0,"menu_order":4,"comment_status":"closed","ping_status":"closed","template":"","meta":{"footnotes":""},"class_list":["post-305","page","type-page","status-publish","hentry"],"_links":{"self":[{"href":"https:\/\/sedan.de\/index.php?rest_route=\/wp\/v2\/pages\/305","targetHints":{"allow":["GET"]}}],"collection":[{"href":"https:\/\/sedan.de\/index.php?rest_route=\/wp\/v2\/pages"}],"about":[{"href":"https:\/\/sedan.de\/index.php?rest_route=\/wp\/v2\/types\/page"}],"author":[{"embeddable":true,"href":"https:\/\/sedan.de\/index.php?rest_route=\/wp\/v2\/users\/1"}],"replies":[{"embeddable":true,"href":"https:\/\/sedan.de\/index.php?rest_route=%2Fwp%2Fv2%2Fcomments&post=305"}],"version-history":[{"count":1,"href":"https:\/\/sedan.de\/index.php?rest_route=\/wp\/v2\/pages\/305\/revisions"}],"predecessor-version":[{"id":324,"href":"https:\/\/sedan.de\/index.php?rest_route=\/wp\/v2\/pages\/305\/revisions\/324"}],"wp:attachment":[{"href":"https:\/\/sedan.de\/index.php?rest_route=%2Fwp%2Fv2%2Fmedia&parent=305"}],"curies":[{"name":"wp","href":"https:\/\/api.w.org\/{rel}","templated":true}]}}

<section class="u-align-center u-clearfix u-section-1" id="carousel_079a">
      <h2 class="u-text u-text-custom-color-2 u-text-1">Über Uns </h2>
      <div class="u-custom-color-2 u-expanded-width u-shape u-shape-rectangle u-shape-1"></div>
      <div class="u-list u-list-1">
        <div class="u-repeater u-repeater-1">
          <div class="u-align-center u-container-style u-grey-5 u-list-item u-repeater-item u-list-item-1">
            <div class="u-container-layout u-similar-container u-container-layout-1">
              <div alt="" class="u-image u-image-circle u-image-1" data-image-width="1200" data-image-height="1600" style="background-image: url(&quot;https://sedan.de/wp-content/uploads/2022/01/Profil-Akt-2.jpg&quot;);"></div>
              <h5 class="u-text u-text-default u-text-2">Daniel Wendlandt<br>
              </h5>
              <h6 class="u-custom-font u-text u-text-default u-text-font u-text-3">Gründer &amp; Inhaber<br>
              </h6>
            </div>
          </div>
        </div>
      </div>
      <div class="u-list u-list-2">
        <div class="u-repeater u-repeater-2">
          <div class="u-align-center u-container-style u-grey-5 u-list-item u-repeater-item u-list-item-2">
            <div class="u-container-layout u-similar-container u-valign-top u-container-layout-2">
              <p class="u-align-left u-small-text u-text u-text-default u-text-variant u-text-4">
                <span style="font-weight: 700;"> Seit der Gründung 1995 von sedan.networking Wendlandt kümmern wir uns um die&nbsp;<br>IT-Systembetreuung von Firmen, Selbständigen und Privatleuten.<br>Unser Hauptaugenmerk lag und liegt immer bei Apple® Geräten, aber auch Windows® oder Linux/Unix basierte Systeme sind für uns kein Problem.&nbsp;<br>Wir haben große Erfahrungen im Bereich Netzwerken, Security, Backup, Hard- und Software und können Ihnen herstellerunabhängig immer die besten Lösungen bieten. Auch bei Projekten, Planungen und interner/externer Unterstützung, ob Neu oder Bestand, können wir auf unsere vielfältige Kompetenz zurückgreifen. Egal ob Elektriker, Telekom, Klimabauer oder andere Gewerke, wir sprechen deren Sprache.&nbsp;<br>Mit der langjährigen Erfahrung bei BaFin regulierten Unternehmen sind auch komplexe IT-Dokumentationen kein Problem, ebenso wie Loyalität und absolute Verschwiegenheit.
                </span>
                <br>
              </p>
            </div>
          </div>
        </div>
      </div>
    </section>

<p>Über Uns Daniel Wendlandt Gründer &amp; Inhaber Seit der Gründung 1995 von sedan.networking Wendlandt kümmern wir uns um die&nbsp;IT-Systembetreuung von Firmen, Selbständigen und Privatleuten.Unser Hauptaugenmerk lag und liegt immer bei Apple® Geräten, aber auch Windows® oder Linux/Unix basierte Systeme sind für uns kein Problem.&nbsp;Wir haben große Erfahrungen im Bereich Netzwerken, Security, Backup, Hard- und Software &hellip; <a href="https://sedan.de/?page_id=305" class="more-link">Continue reading<span class="screen-reader-text"> &#8222;About&#8220;</span></a></p>
