{"id":313,"date":"2022-01-06T13:44:42","date_gmt":"2022-01-06T13:44:42","guid":{"rendered":"https:\/\/sedan.de\/?page_id=313"},"modified":"2022-01-06T13:44:47","modified_gmt":"2022-01-06T13:44:47","slug":"apple-service","status":"publish","type":"page","link":"https:\/\/sedan.de\/?page_id=313","title":{"rendered":"Apple\u00ae Service"},"content":{"rendered":"\n  \n    <section class=\"u-clearfix u-custom-color-2 u-section-1\" id=\"carousel_5131\">\n      <div class=\"u-expanded-width u-shape u-shape-rectangle u-white u-shape-1\"><\/div>\n      <h2 class=\"u-text u-text-body-color u-text-default u-text-1\">Apple\u00ae SERVICE<\/h2>\n      <p class=\"u-text u-text-grey-40 u-text-2\">Wir sind seit \u00fcber 25 Jahren Apple Spezialisten.<br>\n        <span style=\"font-size: 0.875rem; font-weight: 700;\">Egal ob klassischer 68k-Mac oder brandaktueller M1, wir k(o)ennen sie alle !<\/span>\n      <\/p>\n      <div class=\"u-list u-list-1\">\n        <div class=\"u-repeater u-repeater-1\">\n          <div class=\"u-container-style u-grey-5 u-list-item u-radius-20 u-repeater-item u-shape-round u-list-item-1\">\n            <div class=\"u-container-layout u-similar-container u-valign-bottom u-container-layout-1\">\n              <h3 class=\"u-text u-text-default u-text-3\">01<\/h3>\n              <p class=\"u-text u-text-4\">Neuer Rechner - und wie kommen jetzt alle Daten und Einstellungen hin\u00fcber?<br>Die alte Peripherie soll auch angebunden werden?<br>Kein Problem - Wir erledigen das f\u00fcr Sie !\n              <\/p>\n            <\/div>\n          <\/div>\n          <div class=\"u-container-style u-grey-5 u-list-item u-radius-20 u-repeater-item u-shape-round\">\n            <div class=\"u-container-layout u-similar-container u-valign-bottom u-container-layout-2\">\n              <h3 class=\"u-text u-text-default u-text-5\">02<\/h3>\n              <p class=\"u-text u-text-6\">Speichererweiterung?<br>Festplatte voll?<br>Systemupgrade?<br>Spezielle Software?<br>Wir wissen was geht und wie es geht !\n              <\/p>\n            <\/div>\n          <\/div>\n          <div class=\"u-container-style u-grey-5 u-list-item u-radius-20 u-repeater-item u-shape-round\">\n            <div class=\"u-container-layout u-similar-container u-valign-bottom u-container-layout-3\">\n              <h3 class=\"u-text u-text-default u-text-7\">03<\/h3>\n              <p class=\"u-text u-text-8\">Der Apple lahmt?<br>Daten gel\u00f6scht oder verloren?<br>Akku oder Monitor defekt?<br>Den Mac ins Firmennetzwerk einbinden?<br>Wir haben immer die L\u00f6sung f\u00fcr Sie !\n              <\/p>\n            <\/div>\n          <\/div>\n        <\/div>\n      <\/div>\n      <h5 class=\"u-align-center u-text u-text-9\">\n        <a class=\"u-active-none u-border-none u-btn u-button-link u-button-style u-hover-none u-none u-text-palette-1-base u-btn-1\" href=\"https:\/\/sedan.de\/?page_id=314\">Vereinbaren Sie noch heute einen pers\u00f6nlichen Beratungstermin mit uns<\/a>\n      <\/h5>\n    <\/section>\n    \n    \n    \n  \n","protected":false},"excerpt":{"rendered":"<p>Apple\u00ae SERVICE Wir sind seit \u00fcber 25 Jahren Apple Spezialisten. Egal ob klassischer 68k-Mac oder brandaktueller M1, wir k(o)ennen sie alle ! 01 Neuer Rechner &#8211; und wie kommen jetzt alle Daten und Einstellungen hin\u00fcber?Die alte Peripherie soll auch angebunden werden?Kein Problem &#8211; Wir erledigen das f\u00fcr Sie ! 02 Speichererweiterung?Festplatte voll?Systemupgrade?Spezielle Software?Wir wissen was &hellip; <a href=\"https:\/\/sedan.de\/?page_id=313\" class=\"more-link\">Continue reading<span class=\"screen-reader-text\"> &#8222;Apple\u00ae Service&#8220;<\/span><\/a><\/p>\n","protected":false},"author":1,"featured_media":0,"parent":0,"menu_order":12,"comment_status":"closed","ping_status":"closed","template":"","meta":{"footnotes":""},"class_list":["post-313","page","type-page","status-publish","hentry"],"_links":{"self":[{"href":"https:\/\/sedan.de\/index.php?rest_route=\/wp\/v2\/pages\/313","targetHints":{"allow":["GET"]}}],"collection":[{"href":"https:\/\/sedan.de\/index.php?rest_route=\/wp\/v2\/pages"}],"about":[{"href":"https:\/\/sedan.de\/index.php?rest_route=\/wp\/v2\/types\/page"}],"author":[{"embeddable":true,"href":"https:\/\/sedan.de\/index.php?rest_route=\/wp\/v2\/users\/1"}],"replies":[{"embeddable":true,"href":"https:\/\/sedan.de\/index.php?rest_route=%2Fwp%2Fv2%2Fcomments&post=313"}],"version-history":[{"count":1,"href":"https:\/\/sedan.de\/index.php?rest_route=\/wp\/v2\/pages\/313\/revisions"}],"predecessor-version":[{"id":332,"href":"https:\/\/sedan.de\/index.php?rest_route=\/wp\/v2\/pages\/313\/revisions\/332"}],"wp:attachment":[{"href":"https:\/\/sedan.de\/index.php?rest_route=%2Fwp%2Fv2%2Fmedia&parent=313"}],"curies":[{"name":"wp","href":"https:\/\/api.w.org\/{rel}","templated":true}]}}

<section class="u-clearfix u-custom-color-2 u-section-1" id="carousel_5131">
      <div class="u-expanded-width u-shape u-shape-rectangle u-white u-shape-1"></div>
      <h2 class="u-text u-text-body-color u-text-default u-text-1">Apple® SERVICE</h2>
      <p class="u-text u-text-grey-40 u-text-2">Wir sind seit über 25 Jahren Apple Spezialisten.<br>
        <span style="font-size: 0.875rem; font-weight: 700;">Egal ob klassischer 68k-Mac oder brandaktueller M1, wir k(o)ennen sie alle !</span>
      </p>
      <div class="u-list u-list-1">
        <div class="u-repeater u-repeater-1">
          <div class="u-container-style u-grey-5 u-list-item u-radius-20 u-repeater-item u-shape-round u-list-item-1">
            <div class="u-container-layout u-similar-container u-valign-bottom u-container-layout-1">
              <h3 class="u-text u-text-default u-text-3">01</h3>
              <p class="u-text u-text-4">Neuer Rechner - und wie kommen jetzt alle Daten und Einstellungen hinüber?<br>Die alte Peripherie soll auch angebunden werden?<br>Kein Problem - Wir erledigen das für Sie !
              </p>
            </div>
          </div>
          <div class="u-container-style u-grey-5 u-list-item u-radius-20 u-repeater-item u-shape-round">
            <div class="u-container-layout u-similar-container u-valign-bottom u-container-layout-2">
              <h3 class="u-text u-text-default u-text-5">02</h3>
              <p class="u-text u-text-6">Speichererweiterung?<br>Festplatte voll?<br>Systemupgrade?<br>Spezielle Software?<br>Wir wissen was geht und wie es geht !
              </p>
            </div>
          </div>
          <div class="u-container-style u-grey-5 u-list-item u-radius-20 u-repeater-item u-shape-round">
            <div class="u-container-layout u-similar-container u-valign-bottom u-container-layout-3">
              <h3 class="u-text u-text-default u-text-7">03</h3>
              <p class="u-text u-text-8">Der Apple lahmt?<br>Daten gelöscht oder verloren?<br>Akku oder Monitor defekt?<br>Den Mac ins Firmennetzwerk einbinden?<br>Wir haben immer die Lösung für Sie !
              </p>
            </div>
          </div>
        </div>
      </div>
      <h5 class="u-align-center u-text u-text-9">
        <a class="u-active-none u-border-none u-btn u-button-link u-button-style u-hover-none u-none u-text-palette-1-base u-btn-1" href="https://sedan.de/?page_id=314">Vereinbaren Sie noch heute einen persönlichen Beratungstermin mit uns</a>
      </h5>
    </section>

<p>Apple® SERVICE Wir sind seit über 25 Jahren Apple Spezialisten. Egal ob klassischer 68k-Mac oder brandaktueller M1, wir k(o)ennen sie alle ! 01 Neuer Rechner &#8211; und wie kommen jetzt alle Daten und Einstellungen hinüber?Die alte Peripherie soll auch angebunden werden?Kein Problem &#8211; Wir erledigen das für Sie ! 02 Speichererweiterung?Festplatte voll?Systemupgrade?Spezielle Software?Wir wissen was &hellip; <a href="https://sedan.de/?page_id=313" class="more-link">Continue reading<span class="screen-reader-text"> &#8222;Apple® Service&#8220;</span></a></p>
